ainder when 1300474 is divided by 130047?
4
Calculate the remainder when 687327 is divided by 4463.
25
Calculate the remainder when 7897530 is divided by 156.
30
What is the remainder when 2029834 is divided by 141?
139
Calculate the remainder when 47416 is divided by 363.
226
What is the remainder when 2242684 is divided by 2581?
2376
What is the remainder when 69670 is divided by 5273?
1121
What is the remainder when 488953 is divided by 394?
393
What is the remainder when 114345 is divided by 163?
82
Calculate the remainder when 2658868 is divided by 664714.
12
Calculate the remainder when 2043723 is divided by 70461.
354
What is the remainder when 91182 is divided by 42856?
5470
Calculate the remainder when 1567176 is divided by 15.
6
Calculate the remainder when 112192 is divided by 10819.
4002
What is the remainder when 922860 is divided by 165?
15
Calculate the remainder when 9742978 is divided by 390.
388
Calculate the remainder when 9528 is divided by 1855.
253
Calculate the remainder when 93091588 is divided by 389.
387
Calculate the remainder when 231815341 is divided by 953.
950
Calculate the remainder when 46583418 is divided by 19697.
13
Calculate the remainder when 7294733 is divided by 1215787.
11
Calculate the remainder when 19317109 is divided by 1314.
1309
What is the remainder when 21405383 is divided by 429?
428
Calculate the remainder when 17742 is divided by 597.
429
What is the remainder when 72186333 is divided by 1105?
1103
What is the remainder when 21818871 is divided by 17855?
61
What is the remainder when 110482213 is divided by 154?
149
What is the remainder when 1107110 is divided by 100644?
26
What is the remainder when 12699471 is divided by 1082?
37
What is the remainder when 98903 is divided by 2146?
187
What is the remainder when 100015 is divided by 138?
103
Calculate the remainder when 217213980 is divided by 20997.
15
Calculate the remainder when 478963 is divided by 478863.
100
What is the remainder when 17867797 is divided by 152?
45
What is the remainder when 1539152 is divided by 10001?
8999
Calculate the remainder when 55911 is divided by 55910.
1
What is the remainder when 64547442 is divided by 398441?
0
What is the remainder when 521800 is divided by 260576?
648
Calculate the remainder when 122750 is divided by 2848.
286
What is the remainder when 22850700 is divided by 643?
409
Calculate the remainder when 5994731 is divided by 1998218.
77
What is the remainder when 7992120 is divided by 1264?
1112
What is the remainder when 1302496 is divided by 32562?
16
Calculate the remainder when 2493205 is divided by 314.
45
What is the remainder when 86046 is divided by 1991?
433
Calculate the remainder when 104670 is divided by 37.
34
Calculate the remainder when 2173987 is divided by 46.
27
Calculate the remainder when 3668565 is divided by 34.
33
Calculate the remainder when 295152 is divided by 427.
95
Calculate the remainder when 26858067 is divided by 590.
87
Calculate the remainder when 41515 is divided by 1685.
1075
Calculate the remainder when 1107820 is divided by 1561.
1071
What is the remainder when 1211054 is divided by 1210981?
73
What is the remainder when 7887120 is divided by 1275?
1245
What is the remainder when 754816078 is divided by 15?
13
Calculate the remainder when 1109244 is divided by 1858.
18
What is the remainder when 23385494 is divided by 7795151?
41
Calculate the remainder when 563744 is divided by 291.
77
Calculate the remainder when 122943 is divided by 719.
713
Calculate the remainder when 8071 is divided by 3058.
1955
Calculate the remainder when 5250427 is divided by 998.
947
What is the remainder when 205429 is divided by 1696?
213
Calculate the remainder when 247892 is divided by 1411.
967
Calculate the remainder when 14714 is divided by 388.
358
What is the remainder when 33276 is divided by 14003?
5270
Calculate the remainder when 2770466 is divided by 2776.
18
Calculate the remainder when 1822295 is divided by 455563.
43
What is the remainder when 238799 is divided by 368?
335
What is the remainder when 47259234 is divided by 4535?
4534
Calculate the remainder when 755605 is divided by 10210.
65
What is the remainder when 309063 is divided by 154461?
141
Calculate the remainder when 6510810 is divided by 13.
7
What is the remainder when 1244266 is divided by 1593?
133
What is the remainder when 48829 is divided by 46290?
2539
Calculate the remainder when 10463639 is divided by 69.
65
Calculate the remainder when 497374 is divided by 286.
20
Calculate the remainder when 16676 is divided by 258.
164
What is the remainder when 681396 is divided by 1347?
1161
What is the remainder when 539773 is divided by 19271?
185
Calculate the remainder when 285488 is divided by 31683.
341
What is the remainder when 61846849 is divided by 741?
25
What is the remainder when 10053584 is divided by 340?
124
Calculate the remainder when 242172171 is divided by 1636.
1635
What is the remainder when 955490 is divided by 26?
16
Calculate the remainder when 10004409 is divided by 48.
9
Calculate the remainder when 33725 is divided by 6576.
845
What is the remainder when 30331214 is divided by 13?
4
What is the remainder when 10957613 is divided by 3652522?
47
Calculate the remainder when 3360895 is divided by 112.
111
Calculate the remainder when 697465 is divided by 576.
505
What is the remainder when 19539787 is divided by 233?
174
What is the remainder when 12455054 is divided by 16?
14
Calculate the remainder when 866331 is divided by 11251.
4
What is the remainder when 36268492 is divided by 7092?
4
What is the remainder when 10354543 is divided by 1159?
37
Calculate the remainder when 753104 is divided by 752881.
223
Calculate the remainder when 808115 is divided by 28.
7
What is the remainder when 9029989 is divided by 902994?
49
What is the remainder when 464212 is divided by 77072?
1780
Calculate the remainder when 545436 is divided by 72.
36
Calculate the remainder when 2261217 is divided by 1350.
1317
Calculate the remainder when 42447 is divided by 3262.
41
What is the remainder when 903599 is divided by 14663?
9156
What is the remainder when 146302 is divided by 34?
0
Calculate the remainder when 6845694 is divided by 1573.
1571
What is the remainder when 252036 is divided by 50357?
251
What is the remainder when 4805567 is divided by 77?
74
Calculate the remainder when 139987 is divided by 4000.
3987
What is the remainder when 19638362 is divided by 1309222?
32
Calculate the remainder when 237667 is divided by 126.
31
Calculate the remainder when 643452 is divided by 4988.
0
Calculate the remainder when 4244972 is divided by 81634.
4
What is the remainder when 7225710 is divided by 196?
170
What is the remainder when 712603 is divided by 77?
45
Calculate the remainder when 287192 is divided by 21900.
2492
What is the remainder when 44013983 is divided by 56?
55
Calculate the remainder when 1676861 is divided by 133.
130
Calculate the remainder when 343415 is divided by 114319.
458
Calculate the remainder when 179220 is divided by 328.
132
What is the remainder when 558914 is divided by 279441?
32
What is the remainder when 12759964 is divided by 275?
239
What is the remainder when 718484 is divided by 3007?
2818
Calculate the remainder when 1308873 is divided by 499.
495
Calculate the remainder when 411648 is divided by 51428.
224
Calculate the remainder when 1873686 is divided by 1873470.
216
Calculate the remainder when 73333237 is divided by 849.
13
Calculate the remainder when 4263805 is divided by 626.
119
What is the remainder when 39996 is divided by 218?
102
What is the remainder when 408355 is divided by 2106?
1897
Calculate the remainder when 901632811 is divided by 139.
137
What is the remainder when 19061195 is divided by 26659?
10
What is the remainder when 42338 is divided by 991?
716
Calculate the remainder when 309889 is divided by 2383.
99
What is the remainder when 5067616 is divided by 14?
8
What is the remainder when 37677 is divided by 344?
181
Calculate the remainder when 104409182 is divided by 83.
79
What is the remainder when 5940916 is divided by 185653?
20
What is the remainder when 52167593 is divided by 4074?
23
Calculate the remainder when 3